 2 + 31. Let w = h + -17. What is the remainder when i is divided by w?
12
Let u(y) = y + 7. Let m = 2 + -5. What is the remainder when 6 is divided by u(m)?
2
Suppose 5*r - 69 = 4*z, 4*z + 4*r = 5*r - 65. Let w = 39 + z. Calculate the remainder when w is divided by 8.
7
Let v(o) = 2*o**3 - 3*o**2 - o - 3. Let f be -5*(-5)/((-75)/(-24)). Suppose q + 3*p + 2*p = f, -q = 3*p - 6. Calculate the remainder when v(q) is divided by 11.
10
Let c = -8 + 10. Suppose -3*j = -5*s + 195, 6*j - j = c*s - 78. What is the remainder when s is divided by 20?
19
Suppose -3*c = 2*c + 35. Let l = -8 - c. What is the remainder when (53 - 6)/(l - -2) is divided by 16?
15
Suppose 3*d - 20 = 4*l, -l + 10 = 5*d - 2*d. Suppose q - 200 = -d*q. Let k = q - 19. Calculate the remainder when k is divided by 8.
5
Let h(m) = -m**3 - 8*m**2 + 11*m + 2. Let f be h(-8). Let a = -44 - f. Calculate the remainder when a is divided by 9.
6
Let u(c) = -c**2 - 8*c + 24. Calculate the remainder when u(-9) is divided by 4.
3
Let g(j) be the first derivative of 7*j**4/2 + j**3/3 + j**2/2 - j + 2. Calculate the remainder when g(1) is divided by 8.
7
Suppose 5*g - 5*h = 15, -g - 2*g - h = -5. Let d(y) = -y + 1. Let b be d(g). Calculate the remainder when (b/(-2))/(2/68) is divided by 9.
8
Let y = 21 + 8. Let z = -15 - -11. Let t = z - -14. What is the remainder when y is divided by t?
9
Suppose 4*h + 76 = 4*w - 148, 0 = -4*w + 3*h + 219. Calculate the remainder when w is divided by 13.
12
Suppose 0*k - 4*k = -20. Let q = k + 1. Calculate the remainder when 27 is divided by 33/2 + (-9)/q.
12
Let y = -155 - -290. Suppose y = -0*t + 5*t. Calculate the remainder when t is divided by 14.
13
Suppose -3*b = 2*b - 20. Suppose 2*p + 0*f + 6 = -5*f, -p - 9 = b*f. Let g(y) = -y**3 - 5*y**2 - 2*y + 2. Calculate the remainder when g(-5) is divided by p.
5
Let f(i) = 14*i - 3. What is the remainder when f(7) is divided by 32?
31
Let c be 16/(-40) + 104/10. Suppose 3*s - 5 = 2*s - b, 2*s + b = c. Calculate the remainder when 13 is divided by s.
3
Calculate the remainder when ((-104)/32)/(1/(-12)) is divided by 20.
19
Calculate the remainder when 6 is divided by (-4)/(1 + -3 + 0).
0
Suppose -5*q = -68 - 72. Let s = -372 - -427. What is the remainder when s is divided by q?
27
Suppose 4*n - 14 = 2*a, -2*n = a - 4 - 5. Calculate the remainder when n/2 - (-14 + 0) is divided by 6.
4
Let w(u) = -9*u + 11*u + 21 - 6. What is the remainder when w(-7) is divided by 1?
0
Suppose 0 = m + 1, 2*c + 5*m = -3*c + 250. Calculate the remainder when c is divided by 18.
15
Suppose 4 = 2*o + 2. What is the remainder when 3 is divided by o?
0
Let p = -2 + 3. Let y(q) = 4*q. Let d be y(p). Suppose k = d*k - 42. What is the remainder when 26 is divided by k?
12
Let p(w) = -w**2 - 6*w - 3. Let d be p(-4). Let b(f) be the first derivative of 2*f**3/3 - 3*f**2 - 7*f - 1. What is the remainder when 24 is divided by b(d)?
11
Let m(v) = 3*v - 4. Suppose 0 = -2*n - 4 - 10. Let a(s) = -s**3 - 8*s**2 - 8*s + 1. What is the remainder when m(6) is divided by a(n)?
6
Calculate the remainder when (-1 + 337)*(0 + -1)/(-2) is divided by 19.
16
Let m(k) = k**3 - 5*k**2 + 6*k + 6. What is the remainder when m(5) is divided by (5 - 36/2)*1/(-1)?
10
Let m(x) = x**2 + x - 1. Let j be m(-3). Suppose 0 = -l + 2*s + 10, 2*s - 10 = j*l - 76. What is the remainder when 39 is divided by l?
11
Suppose -2*w = 10, -4*f + 0*w - 4*w = -96. What is the remainder when f is divided by 17?
12
Let m(c) be the third derivative of -c**6/120 - c**5/10 - c**4/6 - 7*c**2. Let q = 112 + -41. Calculate the remainder when q is divided by m(-6).
23
Let u(i) = 3*i**2 - i. Let d = -4 - -3. Let l be u(d). Calculate the remainder when 21 is divided by (22/3)/(l/6).
10
Suppose -203 + 51 = -4*t. Suppose -4*f - t = -5*f. Calculate the remainder when f is divided by 13.
12
Suppose 13*f - 7*f - 612 = 0. What is the remainder when f is divided by 47?
8
Suppose -7*r + r + 12 = 0. Suppose -5*m - 56 = -3*m. Calculate the remainder when 8/m - 23/(-7) is divided by r.
1
What is the remainder when (8/36 - (-16)/9) + 66 is divided by 23?
22
Suppose 3*q = -3*x + 66, -x = -3*x + 6. What is the remainder when q is divided by 10?
9
Let l(r) = r**2 + r - 21. What is the remainder when 244 is divided by l(7)?
34
Let q(d) = -d**3 - 11*d**2 + 12*d + 15. Calculate the remainder when q(-12) is divided by 8.
7
Let j(y) = -y**3 - 4*y**2 + 5*y + 1. Let g be j(-5). Calculate the remainder when 16 is divided by 11/g - (-2 + 4).
7
Let k(b) = 18*b**2 - b. Let u be k(-3). Suppose 3*p + 2*p = u. Calculate the remainder when p is divided by 17.
16
Let q = 7 - 7. Let a(k) = k**2 - k + 6. Calculate the remainder when 21 is divided by a(q).
3
Let n(v) be the first derivative of v**4/4 - 13*v**3/3 + 7*v**2 - 2*v + 8. What is the remainder when 85 is divided by n(12)?
19
Suppose -5*p + 5*z + 120 = 0, 1 = -2*z + 3*z. Let c = -3 + 16. Calculate the remainder when p is divided by c.
12
Let b(m) be the third derivative of -m**4/24 + m**3/2 + 2*m**2. What is the remainder when 34 is divided by b(-9)?
10
Let a(y) = -2*y**2 - 16*y + 7. What is the remainder when a(-8) is divided by 5/2 + 2/4?
1
Suppose 3*k + 78 = 3*l, -3*l + 77 = -4*k + 2*k. Calculate the remainder when l is divided by 16.
9
Let m = 56 + -26. Suppose 5*k + 4*g + 13 - 39 = 0, 0 = 3*k - g - 19. Suppose -k*x + x = -40. Calculate the remainder when m is divided by x.
6
Calculate the remainder when 3 + (-1)/((-2)/30) is divided by 10.
8
Let l(v) = 4*v - 4. Suppose 2*j = 6*j + 4*f - 28, 0 = 4*j - 3*f - 7. Let a be l(j). Suppose -g + a = g. Calculate the remainder when g is divided by 4.
2
Suppose 3*s + 101 = 4*f, 4*f + 2*s = -s + 131. What is the remainder when 39 is divided by f?
10
Suppose -33 = -5*i + 4*d, 6*d - d + 3 = 2*i. Let a = 34 - 19. Calculate the remainder when a is divided by i.
6
What is the remainder when 37 - ((-8)/(-2) - 8) is divided by 11?
8
Suppose 5*u - 186 = -31. What is the remainder when 59 is divided by u?
28
Let q(m) = -m**3 + 12*m**2 + 15*m + 15. Suppose -13 = -0*z - z. What is the remainder when q(z) is divided by 11?
8
Calculate the remainder when 1*-1 + 490/10 is divided by 17.
14
Let n = 4 - 6. Let x = n + 13. What is the remainder when 20 is divided by x?
9
Let g(s) = -2*s**3 - 5*s**2 - 2*s + 3. Let m(b) = -17*b - 5. Let p be m(-5). Suppose -95 - p = -5*y. What is the remainder when y is divided by g(-3)?
17
Let n = 5 - 5. Suppose 0 = -y - n*y + 9. Calculate the remainder when 17 is divided by y.
8
Let k(p) = -93*p + 16. What is the remainder when k(-2) is divided by 68?
66
Let w(a) = -a**3 + 2*a**2 + 3*a + 3. Let j be w(3). Calculate the remainder when -1 + 1 + j + 14 is divided by (9/(-2))/((-2)/4).
8
Let v(a) = 19*a**2 + 2*a - 1. Let w be v(1). Let i = 31 - w. What is the remainder when i is divided by 6?
5
Suppose -20 + 2 = -3*a. Suppose -2 + 6 = n. What is the remainder when a is divided by n?
2
Let b be 26/7 + (-10)/(-35). Suppose 0 = 2*v + 2*l + 2 - 26, 0 = b*l - 4. What is the remainder when v is divided by 4?
3
What is the remainder when 58 + -1 + -2 + 2 is divided by 18 + -1*(-3 + 6)?
12
Let i = -25 + 29. Calculate the remainder when i is divided by 2.
0
Suppose h - 5 = -1. Suppose -f = -5*g - 46, 2*f = h*g + 44 + 24. Suppose 2*j - 4*m = 6 + 2, -4*m + 20 = 0. Calculate the remainder when f is divided by j.
12
Suppose 5*c + 13 - 3 = 5*b, 0 = -3*c - 3. Let z be 9 - (3 + 1 + -5). Let x = z + -8. Calculate the remainder when x is divided by b.
0
Suppose -3*u + 2*u + 109 = 3*p, 0 = 3*p + 2*u - 110. Calculate the remainder when p is divided by 19.
17
Let l(t) = t**3 - 12*t**2 + 9*t + 6. Let a be l(8). What is the remainder when a/(-6) + (-4)/(-12) is divided by -2*(2 + (-10)/1)?
14
Suppose 2*v = 4*v - 20. What is the remainder when 29 is divided by v?
9
Let s(h) = -h**3 + 11 + 2*h**3 + 6*h**2 - 3. Suppose -2*x = 9 + 3. Calculate the remainder when 15 is divided by s(x).
7
Let z(k) = -k**3 - 6*k**2 + 11*k + 7. What is the remainder when z(-8) is divided by 12?
11
Let p = 36 + -23. What is the remainder when 23 is divided by p?
10
Suppose 0 = 2*g - 58 - 28. What is the remainder when g is divided by 22?
21
Let h be ((-84)/(-9))/((-1)/(-3)). Let q be -1 - -1 - -22*1. Suppose 2*t = h + q. Calculate the remainder when t is